. List the prime factors of s.
83
Suppose 0 = 2*g + 4*z - 43736, -49*g + 4*z - 109292 = -54*g. What are the prime factors of g?
2, 3, 607
List the prime factors of 16/(-20)*(-15412905)/444.
3, 9257
Let s(z) be the first derivative of 3*z**3 + 7*z**2/2 + 19*z + 30. List the prime factors of s(-2).
41
Let r(w) be the third derivative of -2*w**4/3 - 2*w**3 - 33*w**2. Let o be r(-3). Let n = o + 86. List the prime factors of n.
2, 61
Let w be (3/2)/((-24)/(-80)). Suppose -3*m + 3*i + 140 = -4*m, 620 = -w*m + i. Let t = m + 206. List the prime factors of t.
3
What are the prime factors of ((-7)/(140/(-16)))/(-2 - 3605/(-1800))?
2, 3
Suppose 4*a + x = 123522, -4*a - 4*x - 84840 + 208368 = 0. List the prime factors of a.
2, 5, 193
Let n = 673 + -672. What are the prime factors of n/3 - (-22780)/60?
2, 5, 19
Suppose -103829 = -11*c + 64119. List the prime factors of c.
2, 11, 347
Suppose 162751 + 656617 = 4*j + 40*j. List the prime factors of j.
2, 9311
Suppose -x + 1 = -1. Let n(s) = -2 + 2*s**2 + s**x - 54*s + 50*s. What are the prime factors of n(7)?
3, 13
Let x be (-6)/(-9) + 6604/(-6). Let h = 491 + x. What are the prime factors of 5/(-10)*1 + h/(-6)?
101
List the prime factors of 430320/(11 + 11) + 20.
2, 5, 11, 89
Let p(o) = -o**3 + 10*o**2 - 14. Let a be p(8). Suppose -c - 5*c = -a. Suppose -c*w = -21*w + 144. List the prime factors of w.
2, 3
Suppose 0 = 2*u - 3*g - 32380, 5*g + 12742 = 2*u - 19646. List the prime factors of u.
2, 7, 17
Let w be (28/(-21))/(6/(-9)). Suppose -3*x = 2*y - 1123, -w*y + 2*x + 2 + 1136 = 0. What are the prime factors of y?
2, 283
Let t = 95 + -91. Suppose t*i - 2284 - 359 = -5*b, i + b = 662. What are the prime factors of i?
23, 29
Suppose -7*r + 1671 = 1657. List the prime factors of (3/r)/(5 + 1)*4476.
3, 373
Suppose 5*d + o - 2 = 9, -4*d + 4*o = -28. Let u(z) = 68*z - 85. What are the prime factors of u(d)?
7, 17
Suppose 6*c + 12*c + 280560 = 33*c. List the prime factors of c.
2, 7, 167
Let h(m) = 16002*m**2 + 193*m - 391. List the prime factors of h(2).
29, 2207
Let k = -71193 + 135406. What are the prime factors of k?
157, 409
Let n = -4738 - -16261. What are the prime factors of n?
3, 23, 167
Suppose 0*w = 3*w - 36. Suppose -49*f = -1419 + 5094. List the prime factors of (-610)/f*w + 6/(-10).
97
Let n be (3356/(-16))/(-3*(-6)/(-72)). Let m = 120 + n. List the prime factors of m.
7, 137
Let h = 277 + -275. Suppose o - 4*y - 124 = -o, h*y - 210 = -3*o. List the prime factors of o.
2, 17
Suppose a - 2*t - 14581 = 0, -2*a + 29192 = -17*t + 18*t. What are the prime factors of a?
14593
Suppose 4*k - 183147 = -3*u, 2*u - 8182 - 37606 = -k. List the prime factors of k.
2, 3, 13, 587
Suppose 0 = 14*o - 855 - 17079. Let u = 2311 - o. List the prime factors of u.
2, 5, 103
Let p(y) = y**2 - 4*y + 2. Let j be p(4). Let t(v) = 14*v + 2. Let o(q) = 1. Let m(s) = -12*o(s) + 3*t(s). What are the prime factors of m(j)?
2, 3, 13
Let c(o) = 8*o**2 - 22*o + 16. Let k(x) = -x + 2. Let m be k(-6). Let l be c(m). Suppose 6*u - l = 2*u. List the prime factors of u.
2, 11
What are the prime factors of (-131348)/(-26) + 18/117?
2, 3, 421
Suppose -35*o + 340 = -31*o. Let q = 41 + o. What are the prime factors of q?
2, 3, 7
Let i = -897 + 877. Let m(h) = h**2 - 4*h - 234. What are the prime factors of m(i)?
2, 3, 41
Suppose 4*g = 36760 - 11210 + 15602. What are the prime factors of g?
2, 643
Suppose 50*d + 1880 = 18*d + 321432. What are the prime factors of d?
2, 4993
Let r be ((-36)/8 + 5)/((-1)/(-14)). Let g(u) = 3*u - 15*u + r*u - 12*u. What are the prime factors of g(-3)?
3, 17
Let a(w) = 126*w + 869. List the prime factors of a(0).
11, 79
Let q(t) = 156*t**2 - 99*t - 384. List the prime factors of q(-4).
2, 3, 11, 19
Let h(o) = -50*o + 58. Let i be h(12). List the prime factors of 3 - (i/1 - 7).
2, 3, 23
Let c be -2 - (-4 + 2 + 2). Let f be 9 + 0*(-1)/7. List the prime factors of 945/f*c/(-2).
3, 5, 7
Let y = -27298 - -47367. List the prime factors of y.
7, 47, 61
Let c(p) = -29*p - 75. List the prime factors of c(-49).
2, 673
Let i be 18*(-4)/(-12) + -4. Suppose i*z = 2, 5*a - z = 3*a + 197. List the prime factors of a.
3, 11
List the prime factors of (35/((-1050)/2052))/(-2*(-1)/(-830)).
2, 3, 19, 83
Let y(m) = -2*m**2 + 20*m - 227. Let f be y(16). Let q = 476 + f. List the prime factors of q.
3, 19
List the prime factors of (-1)/(-21) - (-78987522)/2394.
2, 3, 13, 47
Let o = -12469 - -21543. What are the prime factors of o?
2, 13, 349
Let v = 7502 - 2875. Suppose -1243 = 8*n - v. What are the prime factors of n?
3, 47
Suppose 64*m - 68*m + r = -68560, 3*r = -2*m + 34294. What are the prime factors of m?
61, 281
Let v be 0/((2 - -2) + -3). Suppose v = -20*w + 17*w - 1530. List the prime factors of 2/(-1) + w/(-15).
2
Suppose -2*g = -12 - 26. Let u(r) be the third derivative of 7*r**4/24 - r**3/3 - 4*r**2. What are the prime factors of u(g)?
131
Let t be 5 - ((-20)/(-5))/4. Suppose -p - 5*n = 4, 2*p = p - t*n - 2. Suppose 0 = p*o - 10*o + 796. What are the prime factors of o?
199
List the prime factors of (-1 - 12)/((9/10977)/(-3) - 0).
13, 3659
Suppose 0 = h + h - 2*b - 44, 5*b = -2*h + 51. Suppose l - 66 = -h. List the prime factors of l.
43
Suppose -157*w + 1024365 = -1391708. What are the prime factors of w?
11, 1399
Let o(x) = -x + 5. Let i be o(2). Suppose -2*u - 42 = 2*r, i*r - 4*u + 45 = -4. List the prime factors of (-2 + -1 + 2)*r.
19
Let x = 1839 + 3670. What are the prime factors of x?
7, 787
Suppose f + d - 11015 = 0, d = -25*f + 20*f + 55055. List the prime factors of f.
2, 3, 5, 367
Let x be (-2)/(-4)*(100 + -12). What are the prime factors of 166*x/16 - (-2)/(-4)?
2, 3, 19
Let z(d) = 13*d**2 + 101*d + 115. What are the prime factors of z(-41)?
17827
Let l(s) = -37*s + 11*s**2 + 145*s - 33*s - 37*s + 5 - 36*s. List the prime factors of l(4).
3, 7
Let x = 9 - 9. What are the prime factors of 9 + 170 + 9 - (3 - x)?
5, 37
Let m(k) = -k**3 - 12*k**2 + k - 4. Let s be m(-12). Let n(o) = -13*o - 24. What are the prime factors of n(s)?
2, 23
Let x(m) = 2*m**2 + 42*m + 44. Let n be x(-20). Suppose 594 = 5*g - n*y, -y + 593 = 4*g + 122. List the prime factors of g.
2, 59
Suppose 44*k - 72 = 32*k. Suppose -4*n + 8*q = k*q - 1720, 2*n + q - 864 = 0. What are the prime factors of n?
431
Let c = -34 - -38. Suppose 0*l - 112 = c*l. List the prime factors of (-1488)/l - 1/7.
53
Let k(s) = -3*s**2 - s**3 + 2 + 4*s**2 - 8*s**3 + 3*s. Let p be ((-2)/10)/((-13)/(-65)). List the prime factors of k(p).
3
Suppose -10737 + 1017 = -20*n. Suppose n = i - 5*v, -9*i + 8*i - 2*v = -458. What are the prime factors of i?
2, 233
Let v = -3780 - -37132. List the prime factors of v.
2, 11, 379
Let x(o) = -o**2 - 28*o - 38. Let m be x(-27). Let f be m - -9 - 12/(-3). Suppose -345 = -f*g + 85. List the prime factors of g.
5, 43
Let p(a) be the second derivative of a**4/2 - 31*a**3/6 + 57*a**2/2 - 18*a. List the prime factors of p(11).
2, 13, 17
Suppose -s - w - 14 = 0, -2*s = -4*w - 7 + 23. Let o be (-27)/(-18)*(-32)/(-6). What are the prime factors of (-2)/o - 507/s?
2, 3, 7
Let q be (-42)/21*6/(-4). Let w = -43 - -48. Suppose -w*f + 391 = q*y, -3*y - 269 = -5*y - 5*f. What are the prime factors of y?
2, 61
Let w(a) = -a**2 - 2*a + 19. Let r be (-1)/2 + (-5)/(-10). What are the prime factors of w(r)?
19
List the prime factors of -12 - 830/(40/(-20)).
13, 31
Let v = -445 + 454. Let u = -13 - -17. Suppose -u*m - 435 = -v*m. List the prime factors of m.
3, 29
Suppose 3*j - 2*f - 15704 = 0, 0 = -5*j - 28*f + 30*f + 26180. What are the prime factors of j?
2, 3, 97
Let w be -4 + 4 - (-6 - -3). Suppose -w*c - 5*h + 1070 = -0*c, h + 5 = 0. What are the prime factors of c?
5, 73
Let x be (1/(-3))/((-4)/144). Let l(d) = 13*d**2 - d - 113. What are the prime factors of l(x)?
1747
Let k(d) = d**2 - 4*d - 60. Suppose -3*j - 5*l = -64, 0 = 4*j + 3*l - 4*l - 116. What are the prime factors of k(j)?
2, 3, 17
Suppose -2*r = s - 5366, 76*r - 74*r - 5362 = -2*s. What are the prime factors of r?
3, 5, 179
Let r = 1876 + 2980. List the prime factors of r.
2, 607
Let r = -425 - -430. Suppose -4*f - 916 = -2*s, s + f - 466 = r*f. What are the prime factors of s?
2, 3, 5
Suppose 616 - 1025 = -16*p + 1687. Let l(z) = -z + 74. Let n be l(0). Let s = p - n. What are the